e n(5).
-4733
Let u(a) = 28*a**3 - 426*a**2 + 104*a - 181. Calculate u(15).
29
Let u(x) = -1153*x - 243459. Calculate u(-211).
-176
Let o(h) = h**2 + 1630*h + 37050. What is o(-23)?
89
Let l(p) = -8*p**3 + 1807*p**2 - 3365*p + 1084. Calculate l(224).
-36
Let h(o) = -431*o**2 - 28868*o - 125. Give h(-67).
-728
Let z(l) = -l**3 + 13*l**2 + 29*l + 2214. Give z(20).
-6
Let z(c) = -176771*c**2 + 1590936*c + 4. What is z(9)?
-23
Let o(l) = l**3 + 374*l**2 + 1075*l - 14103. What is o(-371)?
-5
Let w(l) = l**3 + 15*l**2 - 218*l - 492. What is w(-2)?
-4
Let c(b) = -802*b - 23155. What is c(-29)?
103
Let v(o) = 9*o**2 + 158*o + 37. What is v(0)?
37
Let m(k) = -13089*k + 58. Determine m(0).
58
Let d(c) = -c**2 + 67001*c + 2279178. Determine d(-34).
-12
Let r(p) = -9*p**2 - 811*p - 9017. Determine r(-13).
5
Let y(m) = -134*m**2 + 1079*m - 35. What is y(8)?
21
Let m(r) = 3149*r + 157058. What is m(-50)?
-392
Let k(z) = -28*z**2 + 359*z - 1080. Calculate k(8).
0
Let p(q) = -61*q + 11903. Determine p(190).
313
Let b(v) = -415*v**2 + 2053*v + 104. Determine b(5).
-6
Let y(z) = 1033*z + 52721. Determine y(-51).
38
Let b(y) = 18*y**3 - 448*y**2 + 2432*y - 7. Determine b(8).
-7
Let p(f) = -6*f**2 - 1794*f + 8987. Determine p(5).
-133
Let o(t) = 893*t - 81712. Determine o(92).
444
Let u(a) = -2*a**3 + 278*a**2 - 4166*a + 28314. Give u(123).
24
Let x(q) = 220492*q + 220523. Give x(-1).
31
Let a(i) = -i**3 - 370*i**2 + 243*i - 468625. Calculate a(-374).
-3
Let k(r) = 382*r + 3286. What is k(-6)?
994
Let n(j) = -j**3 - 21*j**2 + 286*j + 244. What is n(10)?
4
Let z(l) = 61640*l - 308199. Give z(5).
1
Let n(y) = -169*y**2 + 19*y - 29. Give n(-2).
-743
Let z(m) = -14*m**2 - 284*m - 1501. Give z(-5).
-431
Let r(a) = 2*a**3 - 62*a**2 - 1411*a - 4359. What is r(47)?
12
Let b(z) = -10*z**2 + 8*z - 21. Determine b(2).
-45
Let b(t) = -t**3 + 46*t**2 - 666*t + 8751. Give b(34).
-21
Let z(m) = -20*m**2 - 822*m - 545. What is z(-41)?
-463
Let q(m) = -m**3 - 8*m**2 - 10*m + 600. Give q(6).
36
Let t(k) = 44*k**2 - 3052*k - 1923. Give t(70).
37
Let n(i) = 3*i**3 + 4825*i**2 + 9626*i - 31. Give n(-2).
-7
Let j(d) = 54*d**2 + 18419*d + 1694. Give j(-341).
-11
Let b(d) = 134742*d - 4177002. What is b(31)?
0
Let l(k) = -4078*k - 836006. Determine l(-205).
-16
Let w(l) = 60490*l + 8166148. Calculate w(-135).
-2
Let z(f) = -54*f**2 + 2386*f - 453. Determine z(44).
-13
Let i(a) = 2*a**3 + 26*a**2 + 55*a - 65. Give i(-7).
138
Let m(w) = -w**2 + 2347*w + 49730. Give m(-21).
2
Let u(o) = -57303*o + 344915. Determine u(6).
1097
Let r(k) = 20*k**2 + 4152*k + 14685. What is r(-204)?
-3
Let d(m) = -24607*m + 4503084. Give d(183).
3
Let y(p) = -1517*p + 40949. Determine y(27).
-10
Let u(n) = 489*n**2 - 1595*n + 28. Calculate u(4).
1472
Let f(q) = 206*q + 14326. Calculate f(-71).
-300
Let u(r) = -2*r**3 - 305*r**2 - 748*r + 244. Calculate u(-150).
-56
Let y(n) = -2*n**3 + 109*n**2 - 60*n + 158. Determine y(54).
-166
Let v(j) = 23*j + 1797. Give v(20).
2257
Let f(l) = 4858*l**2 + 14572*l - 7. Give f(-3).
-1
Let s(m) = -73531*m + 588251. Give s(8).
3
Let d(s) = -512*s - 13813. Give d(-33).
3083
Let q(p) = p**3 + 81*p**2 + 2477*p + 27815. Determine q(-28).
11
Let x(t) = t**2 + 195*t - 11078. Calculate x(-241).
8
Let u(w) = -114*w + 1582. Determine u(11).
328
Let b(j) = j**2 + 21*j - 1439. What is b(30)?
91
Let u(x) = x**3 + 24*x**2 - 103*x - 2016. Calculate u(-24).
456
Let q(p) = p**3 - 412*p**2 - 18620*p - 1932. Calculate q(-41).
-5
Let g(l) = -261*l**2 - 723*l + 2170. Give g(3).
-2348
Let p(v) = -v**3 - 321*v**2 - 8914*v + 21930. Give p(-290).
-110
Let y(w) = -4*w**2 + 71*w - 99. Calculate y(2).
27
Let m(j) = -8278*j - 611779. Calculate m(-74).
793
Let m(n) = 59729*n - 10930407. What is m(183)?
0
Let a(d) = 63552*d - 127126. What is a(2)?
-22
Let r(n) = -n**2 + 144215*n + 1153751. What is r(-8)?
-33
Let x(t) = -t**3 - 63*t**2 + 65*t - 82. Determine x(-64).
-146
Let r(k) = 92*k + 1927. Determine r(-15).
547
Let w(m) = -119428*m - 119399. Calculate w(-1).
29
Let b(g) = 2440551*g + 9762205. Calculate b(-4).
1
Let l(c) = -6*c**2 + 152*c + 719. Calculate l(34).
-1049
Let w(g) = -2*g**2 + 164813*g + 4121583. What is w(-25)?
8
Let o(q) = 236*q**2 + 28*q - 19. Calculate o(-2).
869
Let l(g) = -2*g**2 - 108020*g - 540066. Calculate l(-5).
-16
Let j(y) = -265*y - 3057. Calculate j(-10).
-407
Let l(j) = j**2 - 124819*j - 249639. Determine l(-2).
3
Let p(b) = -b**3 - 465*b**2 + 864*b - 32674. Give p(-467).
16
Let r(l) = -2*l**2 - 3021*l - 123345. Calculate r(-42).
9
Let a(m) = -m**3 + 15*m**2 + 172*m - 94. What is a(-8)?
2
Let b(y) = -11*y**2 + 9545*y + 38396. Calculate b(-4).
40
Let u(y) = 2*y**3 - 908*y**2 + 100467*y - 258. What is u(263)?
5
Let o(h) = 7281*h - 21462. Determine o(3).
381
Let x(h) = h**3 - 140*h**2 - 430*h - 759. Determine x(143).
-902
Let d(x) = -x**2 - 22*x + 1464. Determine d(-39).
801
Let a(n) = -10*n**3 - 4*n**2 + 1841*n - 3677. Determine a(2).
-91
Let a(c) = 854*c - 20915. What is a(23)?
-1273
Let u(l) = 3*l**3 - 191*l**2 - 50*l - 708. Determine u(64).
188
Let o(u) = -3726542*u. Give o(0).
0
Let l(d) = -13252*d + 2226363. What is l(168)?
27
Let n(h) = -2*h**2 + 154*h - 938. Give n(73).
-354
Let y(m) = m**3 - 654*m**2 + 31296*m + 4804. What is y(602)?
-12
Let d(q) = -q**3 + 595*q**2 - 74224*q - 844. What is d(417)?
-10
Let f(d) = 8*d**2 + 5764*d - 28946. Determine f(5).
74
Let s(r) = 385*r - 6387. Determine s(14).
-997
Let c(o) = 23*o**2 - 129*o - 832. Give c(-7).
1198
Let i(m) = -3*m**2 - 6*m - 3. Give i(-3).
-12
Let s(h) = 146*h + 9662. Determine s(-66).
26
Let f(d) = 2*d**3 + 81*d**2 + 334*d + 5481. Give f(-38).
9
Let o(i) = i**3 - 38*i**2 - 2862*i + 107199. Calculate o(37).
-64
Let p(w) = w**3 - 545*w**2 + 21*w - 11265. Determine p(545).
180
Let m(y) = -22*y + 2528. Determine m(116).
-24
Let r(q) = q**3 + 5*q - 51. What is r(3)?
-9
Let h(c) = c**3 + 39*c**2 + 721*c + 3383. Give h(-9).
-676
Let c(x) = 54*x**3 - 2432*x**2 + 51*x + 1748. Calculate c(45).
-7
Let h(l) = 2*l**3 + 30*l**2 - 293*l - 93. What is h(7)?
12
Let u(v) = -120*v - 7744. Give u(-62).
-304
Let c(k) = 2*k**3 + 380*k**2 - 773*k - 940. Give c(-192).
20
Let m(n) = -301*n + 18283. Determine m(62).
-379
Let c(r) = r**3 - 367*r**2 + 1024*r + 25183. Determine c(364).
431
Let n(y) = -2*y**3 + 13*y**2 - 161*y + 1107. Calculate n(7).
-69
Let x(m) = 2*m**3 - 291*m**2 - 51895*m - 95. What is x(-104)?
-199
Let x(s) = -2*s**3 - 1307*s**2 + 803*s + 97478. What is x(-654)?
32
Let o(j) = -j**3 - 160*j**2 - 190*j - 4311. What is o(-159)?
618
Let i(p) = -32*p**2 - 519*p - 4. Calculate i(-15).
581
Let y(k) = -4*k**2 + 727*k + 6186. Give y(190).
-84
Let d(m) = 6417*m**2 + 237425*m - 119. Calculate d(-37).
29
Let o(d) = -d**2 + 1964*d + 901636. Calculate o(-384).
4
Let h(j) = -8*j**2 + 262*j - 1010. What is h(4)?
-90
Let z(b) = -226*b - 5601. Give z(-24).
-177
Let k(h) = 2*h**3 + 18*h**2 - 3286*h - 26427. Calculate k(-8).
-11
Let a(s) = 4*s**2 - 1924*s + 15520. Determine a(8).
384
Let q(j) = j**3 + 96*j**2 - 219*j - 21114. Calculate q(-96).
-90
Let b(c) = 156632*c**2 - 1096423*c + 2. Determine b(7).
9
Let z(p) = 5636*p - 3713. Give z(1).
1923
Let v(b) = 141*b**3 - 4500*b**2 - 339*b - 1453. Determine v(32).
-13
Let n(h) = 2*h**3 + 141*h**2 + 826*h - 80. Calculate n(-64).
304
Let s(z) = -2*z**2 - 19114*z - 8. Determine s(0).
-8
Let v(y) = 169658*y - 6616656. Calculate v(39).
6
Let v(t) = -666*t**2 - 379622*t - 1121. Give v(-570).
19
Let y(q) = 57*q**2 + 41*q - 62. Determine y(1).
36
Let k(o) = -o**3 - 113*o**2 + 63*o + 7196. Calculate k(-113).
77
Let o(c) = -35*c + 2029. Determine o(59).
-36
Let y(v) = -v**3 - 2*v**2 - 59*v - 81. Give y(-9).
1017
Let m(q) = 5228*q - 73167. Determine m(14).
25
Let v(d) = d**3 - 262*d**2 - 46*d + 132. Calculate v(0).
132
Let k(m) = -10886*m - 381002. Determine k(-35).
8
Let j(k) = 39*k**3 + 23285*k**2 + 1183*k - 6569. What is j(-597)?
-2
Let k(n) = 18*n**2 + 41701*n - 41702. Determine k(1).
17
Let z(o) = -67478*o + 2631636. What is z(39)?
-6
Let o(g) = -6553*g + 23144. Give o(3).
3485
Let p(t) = 754*t + 17770. Give p(-24).
-326
Let j(x) = x**3 - 106*x**2 - 17693*x + 1868794. What is j(105)?
4
Let r(c) = 12*c**3 - 85*c**2 + 1026*c - 6202. Calculate r(6).
-514
Let n(m) = 858*m + 308071. Determine n(-359).
49